p) = 6*p**2 + 224*p + 131. Let z = 40 + -9. What is the remainder when m(-37) is divided by z?
26
Suppose -3*m = 3*m - 12144. Calculate the remainder when 88 is divided by (0 - 6)/2 - m/(-44).
2
Let t = 18461 + -15722. Calculate the remainder when t is divided by 1366.
7
Let v be (-1)/(-2) - 3*(-1)/2. Let t be (-5)/v - 6/(-12). What is the remainder when (-258)/(-18) - (16/(-6) - t) is divided by 8?
7
Let l(x) = x**2 + 2*x - 5. Suppose 115*u - 2605 = -406*u. What is the remainder when u is divided by l(-4)?
2
Let l(s) = 8*s**2 - 31*s + 3. Let i be l(4). Suppose 0 = i*w - 4*w + 5*v - 297, 0 = 4*w + 3*v - 407. What is the remainder when w is divided by 36?
32
Let v(w) = -5*w**3 - 8*w**2 - 26*w - 80. Calculate the remainder when v(-8) is divided by 9.
7
Let b(s) = -3*s**3 - 17*s**2 - 10*s - 57. Calculate the remainder when 236 is divided by b(-6).
2
Let q = 4922 - 4911. Calculate the remainder when 590 is divided by q.
7
Suppose 32*h - 35*h = -6. Suppose 0 = 3*j + 5*u - 216 - 27, -h*j = -u - 175. Calculate the remainder when j is divided by 24.
14
Let s = -14636 - -15895. What is the remainder when s is divided by 106?
93
Let f(q) = 4*q**2 + 174*q - 447. What is the remainder when f(-48) is divided by 137?
6
Let d = -700 - -887. Let b be (402/12)/((-1)/(-2)). Let f = d - b. Calculate the remainder when f is divided by 31.
27
What is the remainder when 1603 is divided by (-1945)/(-11) - 500/(-2750)?
10
Suppose 4*d - 14 = -3*h, d = h - 12 - 2. Calculate the remainder when 21 is divided by h.
1
Let f(c) = c**3 + 2*c**2 - 2*c. Suppose -319*w - 5775 = -354*w. What is the remainder when w is divided by f(2)?
9
Let o be ((-8)/(-12))/((-2)/(-513)). Let g = o + -112. What is the remainder when g is divided by 26?
7
Let b = -3232 + 3419. What is the remainder when b is divided by 32?
27
Let i be ((-1476)/(-24))/(2 - (-3)/(-2)). Suppose -q + i = -23. What is the remainder when q is divided by 30?
26
Suppose -2*f = -6700 + 6474. Let o = 140 + -91. What is the remainder when f is divided by o?
15
Let h = 545 - 531. Calculate the remainder when 1004 is divided by h.
10
Suppose 10*o = 2*o + 16. Suppose -8 - o = -5*r. Let t = -3 + 12. Calculate the remainder when t is divided by r.
1
Let g be 10/(-2)*(-4)/10. Suppose -3*q + 7 = 2*a - g, 0 = -a + 3*q + 9. Let n(k) = -k**2 + 10*k - 8. What is the remainder when 62 is divided by n(a)?
14
Let k(m) = 32*m - 65. Suppose -86*l = -83*l - 9. What is the remainder when 107 is divided by k(l)?
14
Suppose -q - r - 8 = -0*r, 0 = -5*r + 5. Let w be (-3904)/(-12) + (-6)/q. Suppose -178 - w = -6*c. What is the remainder when c is divided by 22?
18
Let u be -4 + (9 - -5) + -6. What is the remainder when (-4)/(u/(-117)) + 36/18 is divided by 42?
35
Suppose 8989*t - 1722 = 8947*t. Let c(l) = 4*l**2 - 2. What is the remainder when c(6) is divided by t?
19
Let c = -3203 - -3458. What is the remainder when 2547 is divided by c?
252
Let c(b) = -3*b**3 + 45*b**2 + 34*b - 43. What is the remainder when c(15) is divided by 232?
3
Suppose -3*d + 37 = -5*x, -d = 3*x - 0 - 3. Let j = -48 - 42. Calculate the remainder when 9/(j/32)*-10 is divided by d.
5
Let b(z) be the first derivative of z**3/3 + 25*z**2 + 218*z + 597. Let k(q) = 12*q**3 + 3*q - 3. Calculate the remainder when k(2) is divided by b(-46).
31
Suppose 9*o - 5*o = -40. Let m(t) = t**2 + 2*t - 7. Let i be m(o). Let s = i + -3. What is the remainder when s is divided by 8?
6
Suppose 8*p - 952 + 896 = 0. What is the remainder when 111 is divided by p + 5/(25/80)?
19
Let a(f) = f**3 + 40*f**2 + 48*f + 467. Calculate the remainder when a(-18) is divided by 66.
65
Let m = 4314 - 3979. Calculate the remainder when m is divided by 10.
5
Suppose 82*z - 86*z - 8412 = -4*c, -c - 2*z = -2091. Calculate the remainder when c is divided by 14.
13
Let o(n) = 2*n**2 + 44*n - 47. Let m be o(-23). What is the remainder when 36 is divided by m/8 - (959/(-56) - 2)?
17
Suppose 5*d - 4*o = o + 2405, -d - o + 475 = 0. Let g be d/(-8) + (138/24 - 6). Let f = g - -69. What is the remainder when 26 is divided by f?
8
Let w(z) = z**2 + 130*z + 3405. Calculate the remainder when w(-33) is divided by 48.
12
Let c(n) = 17*n**2 - 15*n - 17. Let o = 144 + -100. Calculate the remainder when o is divided by c(-1).
14
Let s = -73 + 55. Let t = s + 18. Suppose o - 5*o + 24 = t. Calculate the remainder when 69 is divided by o.
3
Let y = -20 - -31. Suppose -t + 2*o + y = 0, 2*t + o - 2*o = 13. Suppose -3*u + 0 - 1 = -p, -t*p + 65 = 5*u. What is the remainder when 29 is divided by p?
9
Suppose -155 = 8*m - 3*m. Let n = 123 + -70. Let x = m + n. What is the remainder when 87 is divided by x?
21
What is the remainder when 765 is divided by -58 + 82 - (-12)/1?
9
Suppose -5453*c = -5436*c + 50 - 492. Suppose 6*x - 144 = 2*x. What is the remainder when x is divided by c?
10
Let w = 1179 - 864. What is the remainder when w is divided by 12?
3
Let u = 39 - -56. Suppose 5*n = 5*o + u, 3*n - 3*o = -2*n + 103. What is the remainder when ((-24)/204 + 1/(102/760))*12 is divided by n?
19
Suppose -51*b - 44*b + 92340 = 0. Calculate the remainder when b is divided by 41.
29
Suppose -14*h - 45 = -9*h. Let b(k) = k**3 + 10*k**2 + 4*k + 19. What is the remainder when b(h) is divided by 5?
4
Let k = 69 + -181. Calculate the remainder when (k + 106)*(-1 - 1*19) is divided by 26.
16
Suppose 24*c = 23 + 25. Suppose -5*a + c*d + d + 63 = 0, 3*a - d - 41 = 0. Calculate the remainder when 70 is divided by a.
10
Let z = -366151 + 366200. Calculate the remainder when (-267)/2*(-4)/6 is divided by z.
40
Let b be -2 + 724 + -2 + -1. Let n = b + -584. Suppose 4*g - 7 = 85. Calculate the remainder when n is divided by g.
20
Let d(m) = m**3 + m**2 + 108. Let y be d(0). Suppose -284 = -2*s - y. Let x = 38863 - 38850. What is the remainder when s is divided by x?
10
Let t = 103 + -60. Suppose -4*b = b - 120. Let n = -1 + b. What is the remainder when t is divided by n?
20
Let u = -145 - -168. Suppose -8 = -2*x + 22. Let h = 76 + x. Calculate the remainder when h is divided by u.
22
Let n = -11 - -77. Let h(i) = i**2 - 5*i - 40. Let a be h(0). Let v = a - -74. What is the remainder when n is divided by v?
32
Let c = 584 - 584. Suppose c = -5*z + 2*u + 96, 3*u = 3*z - 24 - 30. What is the remainder when z is divided by 8?
4
Let r be ((-535)/20)/(14/168). Let o = r - -329. Suppose -29 = -4*j + 15. What is the remainder when j is divided by o?
3
Suppose 5*o + 24 = 2*t, 5*o + 14 = 4. What is the remainder when 1*(-91)/21*-9 is divided by t?
4
Calculate the remainder when 217 is divided by ((-18)/10)/(((-95)/(-16150))/(2/(-3))).
13
Let n(i) = -i**2 - 7*i - 2. Suppose 0 = -3*g - 4*p, -2*g + 4*g - 2*p + 14 = 0. Calculate the remainder when (1 + 20/(-8))/(213/(-2698)) is divided by n(g).
9
Suppose -29*l + 270 = -1818. What is the remainder when 851 is divided by l?
59
Let n = -75231 + 75310. Let u = -20 - -61. What is the remainder when n is divided by u?
38
Let x be 4/14 + 3*(-272)/(-84). What is the remainder when 49 is divided by (-20)/3*(7 + (-85)/x)?
9
Let w = -9271 - -9495. Suppose 76 + 59 = 3*n. What is the remainder when w is divided by n?
44
Let k(g) = -g**3 - 10*g**2 - 9*g. Let n be k(-9). Suppose d + 2*d - 354 = n. Calculate the remainder when d is divided by (5/(-4) - 1)*(-576)/54.
22
Let c(p) = -112*p + 5. Let o be c(1). Let h = o + 235. Suppose 2*r + 128 = -4*s + 8*s, 4*s - 5*r - h = 0. Calculate the remainder when s is divided by 11.
10
Let d(y) = -4*y - 4. Suppose 9*j = 37 - 118. What is the remainder when (-190)/15*(-2)/((-12)/j) is divided by d(-3)?
3
Let t = -1586 - -1859. Calculate the remainder when t is divided by 103.
67
Suppose -5*q - q = -756. Suppose -3*o + 3*k + 30 = -39, o = 4*k + 11. What is the remainder when o is divided by 84/q - (-1 - 50/6)?
7
Let u = -4220 + 4300. Calculate the remainder when 1116 is divided by u.
76
Let v(n) = -n**2 + 6*n + 10. Let d = -54 + 53. Let z(r) = -4*r. Let x be z(d). Calculate the remainder when 30 is divided by v(x).
12
What is the remainder when 2855 is divided by 224/20 + 2/(-2) + (-27)/(-15)?
11
Suppose -4*t + 24 = 4*c, t - 5*c - 51 = -3*t. Calculate the remainder when (-7)/21 - 0 - (-462)/t is divided by 8.
3
Suppose -i + 6*i - 11 = 4*l, i = -2*l + 5. Suppose -20 = -6*w + 2*w, i*b - 4*w -